
List the prime factors of 40547.
13, 3119
What are the prime factors of 274032?
2, 3, 11, 173
List the prime factors of 1726369.
53, 32573
List the prime factors of 290514.
2, 3, 7, 6917
What are the prime factors of 10503754?
2, 5251877
What are the prime factors of 2712281?
11, 13, 1459
List the prime factors of 656501.
199, 3299
What are the prime factors of 147499?
11, 23, 53
List the prime factors of 1635048.
2, 3, 22709
What are the prime factors of 6389203?
53, 120551
List the prime factors of 2980.
2, 5, 149
List the prime factors of 238380.
2, 3, 5, 29, 137
What are the prime factors of 1846988?
2, 11, 13, 3229
List the prime factors of 220018.
2, 23, 4783
List the prime factors of 34680.
2, 3, 5, 17
List the prime factors of 58917.
3, 41, 479
What are the prime factors of 10191587?
7, 1455941
List the prime factors of 17662238.
2, 11, 802829
List the prime factors of 10999050.
2, 3, 5, 73327
List the prime factors of 362169.
3, 40241
List the prime factors of 803613.
3, 31, 8641
List the prime factors of 233716.
2, 7, 17, 491
List the prime factors of 6434979.
3, 2144993
List the prime factors of 14652828.
2, 3, 407023
List the prime factors of 3919792.
2, 17, 14411
What are the prime factors of 265895?
5, 7, 71, 107
What are the prime factors of 3339972?
2, 3, 19, 257
List the prime factors of 3819.
3, 19, 67
List the prime factors of 23492.
2, 7, 839
What are the prime factors of 263482?
2, 47, 2803
What are the prime factors of 4722129?
3, 524681
What are the prime factors of 5916204?
2, 3, 7, 17, 1381
List the prime factors of 1123305.
3, 5, 74887
List the prime factors of 2500240.
2, 5, 31253
What are the prime factors of 12637651?
13, 74779
List the prime factors of 434018.
2, 13, 16693
What are the prime factors of 176457?
3, 131, 449
What are the prime factors of 547795?
5, 89, 1231
List the prime factors of 1545237.
3, 6359
What are the prime factors of 10803846?
2, 3, 1800641
What are the prime factors of 281468?
2, 11, 6397
What are the prime factors of 4496992?
2, 89, 1579
List the prime factors of 8413024.
2, 283, 929
What are the prime factors of 24174347?
109, 131, 1693
What are the prime factors of 1569395?
5, 313879
What are the prime factors of 1712563?
17, 131, 769
List the prime factors of 1523052.
2, 3, 42307
What are the prime factors of 49106?
2, 43, 571
What are the prime factors of 5572599?
3, 1857533
What are the prime factors of 2447012?
2, 611753
List the prime factors of 16885.
5, 11, 307
What are the prime factors of 2028486?
2, 3, 149, 2269
What are the prime factors of 248148?
2, 3, 61, 113
What are the prime factors of 295426?
2, 17, 8689
List the prime factors of 2495358.
2, 3, 157, 883
List the prime factors of 379086.
2, 3, 23, 41, 67
What are the prime factors of 1651836?
2, 3, 137653
What are the prime factors of 1342237?
13, 223, 463
What are the prime factors of 60259?
60259
What are the prime factors of 14413786?
2, 1303, 5531
List the prime factors of 248343.
3, 82781
List the prime factors of 906283.
7, 129469
What are the prime factors of 511487?
511487
What are the prime factors of 2746627?
13, 59, 3581
What are the prime factors of 405682?
2, 202841
List the prime factors of 1562962.
2, 781481
List the prime factors of 740282.
2, 17, 21773
What are the prime factors of 8322858?
2, 3, 154127
List the prime factors of 3004507.
11, 71, 3847
List the prime factors of 328023.
3, 12149
List the prime factors of 3781616.
2, 17, 13903
List the prime factors of 640240.
2, 5, 53, 151
List the prime factors of 404737.
337, 1201
What are the prime factors of 477805?
5, 95561
What are the prime factors of 9880598?
2, 7, 13, 233
List the prime factors of 98226.
2, 3, 17, 107
What are the prime factors of 138470?
2, 5, 61, 227
List the prime factors of 1115235.
3, 5, 11, 751
List the prime factors of 6904645.
5, 11, 125539
What are the prime factors of 11833927?
7, 317, 5333
List the prime factors of 2037237.
3, 19, 103, 347
What are the prime factors of 1634973?
3, 181, 3011
List the prime factors of 248278.
2, 124139
List the prime factors of 1471682.
2, 563, 1307
List the prime factors of 1143856.
2, 7, 1459
What are the prime factors of 873469?
873469
What are the prime factors of 240367?
157, 1531
List the prime factors of 20854.
2, 10427
What are the prime factors of 424040?
2, 5, 10601
What are the prime factors of 1938883?
1938883
What are the prime factors of 119156?
2, 29789
List the prime factors of 268255.
5, 13, 4127
What are the prime factors of 3805326?
2, 3, 7, 10067
What are the prime factors of 477086?
2, 113, 2111
List the prime factors of 1438517.
1438517
What are the prime factors of 1314561?
3, 157, 2791
List the prime factors of 10406588.
2, 73, 157, 227
What are the prime factors of 9276269?
9276269
What are the prime factors of 1123861?
257, 4373
What are the prime factors of 286757?
139, 2063
List the prime factors of 6085498.
2, 3042749
List the prime factors of 12157292.
2, 7, 8861
What are the prime factors of 566031?
3, 188677
List the prime factors of 2940959.
7, 103, 4079
What are the prime factors of 790604?
2, 197651
What are the prime factors of 396811?
53, 7487
List the prime factors of 1958648.
2, 103, 2377
List the prime factors of 1658728.
2, 207341
What are the prime factors of 140054?
2, 239, 293
What are the prime factors of 683174?
2, 341587
List the prime factors of 10131395.
5, 83, 24413
List the prime factors of 1646533.
7, 29, 8111
What are the prime factors of 443440?
2, 5, 23, 241
List the prime factors of 3360089.
83, 40483
What are the prime factors of 324827?
137, 2371
What are the prime factors of 972502?
2, 17, 28603
List the prime factors of 10648794.
2, 3, 13, 136523
What are the prime factors of 1190907?
3, 113, 1171
What are the prime factors of 7916258?
2, 7, 163, 3469
List the prime factors of 1063512.
2, 3, 14771
List the prime factors of 135834.
2, 3, 22639
What are the prime factors of 2443152?
2, 3, 23, 2213
List the prime factors of 10142362.
2, 5071181
What are the prime factors of 5415289?
11, 492299
What are the prime factors of 178863?
3, 59621
List the prime factors of 87115.
5, 7, 19, 131
List the prime factors of 88756.
2, 22189
List the prime factors of 8529087.
3, 7, 17, 3413
What are the prime factors of 454291?
17, 26723
List the prime factors of 3993085.
5, 389, 2053
What are the prime factors of 10755056?
2, 13, 29, 1783
What are the prime factors of 111652?
2, 103, 271
List the prime factors of 11061221.
11061221
List the prime factors of 125986.
2, 7, 8999
What are the prime factors of 5902691?
2383, 2477
List the prime factors of 8258684.
2, 7, 294953
What are the prime factors of 20465318?
2, 19, 538561
What are the prime factors of 2524325?
5, 37, 2729
List the prime factors of 2542000.
2, 5, 31, 41
What are the prime factors of 1712672?
2, 13, 23, 179
List the prime factors of 1422309.
3, 7, 89, 761
List the prime factors of 24371461.
193, 197, 641
List the prime factors of 269045.
5, 7, 7687
What are the prime factors of 775203?
3, 11, 13, 139
List the prime factors of 18937720.
2, 5, 473443
What are the prime factors of 282711?
3, 11, 13, 659
What are the prime factors of 10803761?
19, 568619
List the prime factors of 71420.
2, 5, 3571
List the prime factors of 1240756.
2, 11, 163, 173
List the prime factors of 3498543.
3, 388727
What are the prime factors of 8491123?
137, 61979
What are the prime factors of 298986?
2, 3, 49831
List the prime factors of 1548420.
2, 3, 5, 131, 197
List the prime factors of 849276.
2, 3, 31, 761
List the prime factors of 12140457.
3, 7, 578117
What are the prime factors of 3197512?
2, 399689
What are the prime factors of 8877045?
3, 5, 29, 20407
What are the prime factors of 170326?
2, 13, 6551
List the prime factors of 690.
2, 3, 5, 23
List the prime factors of 15482255.
5, 1549, 1999
What are the prime factors of 808188?
2, 3, 67349
List the prime factors of 199464.
2, 3, 8311
What are the prime factors of 630642?
2, 3, 105107
List the prime factors of 119350.
2, 5, 7, 11, 31
List the prime factors of 205433.
205433
List the prime factors of 217768.
2, 163, 167
List the prime factors of 4119619.
7, 588517
What are the prime factors of 2081755?
5, 13, 32027
What are the prime fact